 r(a) = -8*a + 1. Determine r(n).
17
Suppose 3*r + j + 0*j = 56, -3*j - 66 = -4*r. Suppose -2*b + a + r - 1 = 0, 6 = b + 2*a. Suppose b*s - 10*s = 14. Let k(x) = x**3 + 7*x**2 - x - 4. Give k(s).
3
Let v(q) = -9*q**3 - 2*q**2 + 1. Let t = -147 + 147. Let h be 0 + t + (2 - -8 - 9). Calculate v(h).
-10
Let f be (23/(-69))/((-2)/(-132)). Let q = f + 23. Let u(t) = -3*t**3 + t**2 - 2*t + 1. Give u(q).
-3
Let f = 493 + -499. Let i be 112/(-96)*f - (-6)/(-2). Let u(j) = 2*j**2 - 5*j - 3. Calculate u(i).
9
Let f(l) be the third derivative of -l**7/2520 - 7*l**6/720 - 3*l**5/40 + 119*l**4/24 + 57*l**2. Let z(w) be the second derivative of f(w). Determine z(-6).
-3
Let n be -2 + 0 + (-7 - -2) + -47. Let g = n + 57. Suppose 2*w + 0*w + 2 = 2*p, -3*p - 21 = g*w. Let v(b) = -b**3 - 5*b**2 - 3*b - 1. Determine v(p).
-10
Let j(v) = -5*v - 56. Suppose 8*t + 37 = 7*t + 4*l, 2*l = -4*t - 22. Determine j(t).
-11
Let v(l) be the third derivative of 0*l**3 + 0*l + 0 + 131*l**2 - 1/4*l**4. What is v(1)?
-6
Let h(n) = -10*n - 4. Let v be h(-13). Let u(d) = 1 + v*d**2 - 129*d**2 + 0. Let y(r) = 13*r**2 - r - 5. Let i(b) = -9*u(b) - 2*y(b). Determine i(-6).
25
Let g(p) = p**3 + 4*p**2 - 4. Suppose 0 = 2*n - 4*d - 10, -4*n + 3*d + 2*d = -11. Let x(t) = -2*t**2 + 2*t. Let k be x(n). Give g(k).
-4
Let l(t) be the second derivative of -4*t**4/3 - t**3/6 - 3*t**2/2 + 445*t. Calculate l(-2).
-65
Let v(d) = -2*d**2. Let m be v(1). Let b = -525 - -526. Let o(z) = 3*z - 1. Let l(u) = 8*u - 4. Let h(y) = b*l(y) - 3*o(y). What is h(m)?
1
Let t(w) = 1022 - 2022 - 2*w + 962. What is t(-24)?
10
Suppose 36 = 3*i - 3*l + 39, -2*i - 4*l + 34 = 0. Let g(b) = b**3 - 6*b**2 - b - 4. Give g(i).
-34
Suppose 3*b = -16 + 4, 4*t - b = -132. Let u = t - -42. Let o(a) = u*a**2 + 25 - 56 + 25 - a**3 - 8*a. Determine o(7).
-13
Let q(f) = 101*f + 39. Let w(n) = 24*n + 9. Let j(y) = 2*q(y) - 9*w(y). Calculate j(0).
-3
Suppose w + g = 19, -3 = -3*w + 3*g + 42. Let d(i) = w*i + 3*i**3 - 36*i - i**2 + 11 - 11 + 18*i. What is d(-1)?
-3
Let m = 38 + -33. Suppose j - m*j = -28. Suppose o + 9 - j = 0. Let x(w) = 2*w**2 + w - 1. Give x(o).
5
Let y = 385 - 380. Let s(x) = 3*x**2 + 4 + 6*x + x**2 - 2*x**3 + 5*x**3 - 2*x**3 - 2*x**3. Give s(y).
9
Suppose 4*t = 12, v - t + 23 = -v. Let l be (-534)/(-89) - (-7 + -1). Let u(k) = 49 + k - l - 9 - 19. Determine u(v).
-3
Let w = -314 - -316. Let p(l) = l**2 + 9*l + 2. Let z be p(-9). Let r(u) = -1 - 5*u**2 - 5*u**3 + 6*u**3 + z*u - u. What is r(w)?
-11
Let n(t) be the first derivative of t**4/4 + 9*t**3 - 29*t**2/2 - 31*t + 88. Calculate n(-28).
-3
Let j(x) = -24*x**3 + 3*x**2 - 3*x + 1. Let r(k) = 93*k**2 + 839*k + 19. Let h be r(-9). Give j(h).
-23
Let i(t) = -6*t + 36 + 0*t**2 - 60 - 10*t - t**2 - 44. Calculate i(-10).
-8
Let d = -32275 + 32267. Let a(n) = 3*n + 8. Let q(o) = -7*o - 17. Let f(x) = 5*a(x) + 2*q(x). Determine f(d).
-2
Suppose -12 = 4*n - 2*n. Let l(g) be the first derivative of 5*g**3/3 - 11*g - 136. Let c(h) = 14*h**2 - h - 32. Let v(t) = n*c(t) + 17*l(t). Determine v(-5).
0
Let u(p) = p**3 + 5*p**2 + 5*p - 1. Let h be 3 + (28/16)/7*8. Let a(m) = m + 1. Let n(v) = 4*v + 8. Let q(x) = h*a(x) - n(x). Let t be q(-1). Determine u(t).
-5
Let r(b) = -b**3 + 12*b**2 - 14*b + 18. Let a(q) = -77*q + 858. Let u be a(11). Give r(u).
-15
Let h(y) = y - 3. Let n(i) = i - 3. Let o(d) = 2*h(d) - 3*n(d). Suppose 14*u + 3 = 13*u. Let b be ((-21)/(-18) - 2/(-4))*u. Give o(b).
8
Let j(m) = m**2 - 3*m - 2. Let g be (16/9 - (-8)/36)/1. Let h(s) = -38*s + 2*s**g + 37*s - 4 - 2. Let n be h(-2). Give j(n).
2
Suppose -5*a + 2*g - 1 = 5*g, 4*a - 14 = 5*g. Suppose -a + 31 = 3*z. Let k(f) = 2 - 7*f + 5*f - z + 0*f. What is k(-7)?
6
Let y(a) be the first derivative of a**3/3 + 22*a**2 - 263*a - 10099. Give y(-49).
-18
Let w(a) be the second derivative of 17*a**3/3 + 221*a**2/2 + 15*a + 5. Let c be w(-7). Let s(z) = -z**2 - 19*z - 35. Give s(c).
-1
Let s(c) = -3*c**2 + 2*c - 7. Let k(h) = 17*h**2 - 15*h + 34. Let j(q) = 2*k(q) + 11*s(q). Let n be -4*(1 + 3/(-1)). Give j(n).
-9
Let g(i) = 4*i - 9. Suppose 2*l - 38 = l. Let w = l - 34. Suppose -3*t + 5*t - w*a = 20, -5*t - a = -28. What is g(t)?
15
Let h(a) = 4*a**3 - 10*a**2 - 17*a - 8. Let b(y) = -7*y**3 + 19*y**2 + 32*y + 14. Let q(v) = 5*b(v) + 9*h(v). What is q(-5)?
-37
Let p be ((-10)/6)/((-1)/(-3)). Let x(l) = -406*l - 9 + 815*l - 410*l. Calculate x(p).
-4
Let f(h) = 7 + h - 10 + 4*h + 9*h. Let n = 293 + -291. Give f(n).
25
Let m(y) = -61*y**2 + 52*y - 36. Let v(t) = -21*t**2 + 7*t - 12. Let w(u) = 4*m(u) - 11*v(u). Calculate w(10).
-2
Let t(i) = 4*i + 4*i**2 - 2*i**3 + 5*i**3 + 1 - 4*i**3 - 3*i**2. Suppose 10 = 9*b - 8. Let q be t(b). Let z(u) = -u**3 + 3*u**2 + 6*u - 3. Calculate z(q).
-23
Suppose -o - 5 = 4*a, o + a + 151 = 149. Let j(y) = y**3 + 3*y**2 - 2. What is j(o)?
0
Let p(h) be the third derivative of -h**4/6 - h**3/2 + 3*h**2. Let r(b) = 4*b**2 + 136*b - 136. Let f be r(-35). What is p(f)?
-19
Suppose a = -3*f + 91, -4*a - 2*f = -5*a + 101. Let z(m) = -15 + 217*m - 213*m + a. Let k be z(-20). Let c(u) = -3*u**3 + u**2 + 2*u - 3. Determine c(k).
-19
Let n(i) = -13*i**2 + 2*i + 1. Suppose 22*u - 29 = 159*u + 108. What is n(u)?
-14
Let c = 1 - 7. Let s be 1997/(-2)*-1 - 171/(-342). Let m(a) = -2008 - 2*a + 1000 + s. Determine m(c).
3
Let n(w) = -w**3 + 6*w**2 + 5*w + 10. Let j = -44 + 46. Suppose -12 = -j*m + 2. Let t be n(m). Let o(h) = -h**2 - 5*h + 3. What is o(t)?
7
Let w = -43 + 47. Let x(g) = 4 - 11 + w*g**2 + g**2 - 3*g - 6*g**3 + 5*g**3. Calculate x(5).
-22
Let u(p) = 7*p**3 + 13*p**2 + 7*p - 8. Let g(o) = -6*o**3 - 13*o**2 - 6*o + 7. Let d(m) = -4*g(m) - 3*u(m). What is d(-4)?
0
Let i(r) be the first derivative of -r**3/3 + 17*r**2/2 - r - 14661. Determine i(13).
51
Let l(m) = m**2 - 5*m - 2. Let o = 361 - 364. What is l(o)?
22
Let x(c) = c**2 + 12*c + 14. Suppose -n + 10 = -y, 4*n + 22 = 5*y + 73. Let z be x(y). Let m(t) = -5*t + 4. What is m(z)?
-11
Let g(u) be the second derivative of u**4/12 - u**2/2 - 14*u. Let k(q) = 5*q**2 - q - 7. Let p(v) = 11*g(v) - 2*k(v). Give p(-3).
6
Let i(t) = -7 - 2 + 3 + 15*t + 1 - 7. Let n(o) = 14*o - 10. Let a(f) = 3*i(f) - 4*n(f). Give a(3).
-29
Let x(c) be the first derivative of c**2/2 + 2*c - 1054. Let m = -1 + -7. Let g = 0 + m. Determine x(g).
-6
Let f(b) = -18*b**3 + 11*b**2 - 7*b - 38. Let h(g) = -5*g**3 + 2*g**2 - 2*g - 13. Let d(k) = -2*f(k) + 7*h(k). Determine d(7).
-64
Suppose -406*t - 18 = -409*t. Let n(x) be the second derivative of 0*x**3 + 1/2*x**4 - 1/20*x**5 - 2*x + 5/2*x**2 + 0. Calculate n(t).
5
Let m(l) = 20*l + 7 + 15*l**2 - 2*l**2 + l**3 + 2 - 13. Let k be m(-11). Let c(s) = -k*s**2 + 38*s**2 - 17*s**2. Calculate c(1).
3
Let c(t) = 68*t + 58*t - 5*t**2 - 195*t + 12*t**2 + 1 + 63*t - t**3. Give c(6).
1
Let g(s) = -13*s + 208. Let m(x) = 28*x - 447. Let i(z) = 7*g(z) + 3*m(z). Give i(15).
10
Let p(v) be the second derivative of -1/6*v**3 - 196*v + 0*v**2 + 0. What is p(-1)?
1
Let v = -794 + 785. Let f be (-2)/v - 456/108 - -4. Let j(y) = y + 14. Give j(f).
14
Let w be (3*-3)/(687/458). Let t(l) = -2*l**2 - 5*l + 15. Determine t(w).
-27
Suppose -24 = -3*p - 4*d, 4*p + 11*d = 8*d + 25. Let r(l) = -5*l**2 + 22*l - 2. Let m be r(p). Let w(u) = u**3 - 6*u**2 - 6. What is w(m)?
-6
Let i(a) = a - 7. Let d(h) = h**3 + 12*h**2 - 6*h - 21. Let b be d(-12). Suppose -4*z + b = 43. Suppose z*n - 25 = 5*k + 14, 33 = 2*n - 3*k. Give i(n).
5
Let z(w) = -4*w. Let u(v) = -9*v - 2. Let s(t) = -u(t) + 3*z(t). Calculate s(0).
2
Let d be (-20)/6*(-12)/5. Let v(n) be the third derivative of 6 - 1/24*n**4 + 5*n**2 + 0*n - n**3. Give v(d).
-14
Let b(x) = -2*x**2 + x + 2. Let n be 1*(1 - (0 - 7)). Let u = -34 + 37. Let c be n*(u - (-44)/(-16)). Determine b(c).
-4
Let i(a) = -25*a. Suppose 1736 = -24*r + 1760. What is i(r)?
-25
Let h(i) = -13*i - 17. Let a(z) = -15*z - 19. Suppose -b + 10 = -4*v, 5*v + 9 = -11. Let r(y) = b*h(y) + 5*a(y). Determine r(-10).
-23
Let p(i) be the third derivative of i**4/24 + 2*i**3 + 7*i**2. Let d = 19 + -91. Let x be ((-1)/2)/((-6)/d). Calculate p(x).
6
Let g(n) = -n**2 - 8*n + 2. Suppose -2*q - 2 = 0, -8*c = -6*c + q + 9. Let t(i) = i**3 + 2*i**2 - 6*i. Let y be t(c). Determine g(y).
2
Let q be 164 - (-16)/((-12)/(-3)). Let z be 42/q +